n factor of 19 and 1501.
19
What is the highest common factor of 27 and 999?
27
What is the highest common factor of 208 and 1144?
104
Calculate the greatest common divisor of 175 and 7175.
175
What is the greatest common divisor of 10 and 70?
10
Calculate the highest common factor of 1568 and 49.
49
Calculate the greatest common divisor of 104 and 12116.
52
What is the greatest common divisor of 657 and 511?
73
Calculate the highest common divisor of 17 and 61081.
17
Calculate the greatest common factor of 35 and 595.
35
What is the highest common divisor of 15 and 420?
15
What is the greatest common divisor of 720 and 45?
45
Calculate the highest common factor of 822 and 4384.
274
What is the greatest common divisor of 11740 and 80?
20
What is the greatest common divisor of 77 and 847?
77
Calculate the greatest common factor of 340 and 4930.
170
Calculate the highest common divisor of 78 and 21099.
39
What is the highest common factor of 1530 and 17?
17
What is the greatest common factor of 168 and 273?
21
What is the highest common factor of 147 and 2289?
21
What is the greatest common divisor of 407 and 1332?
37
Calculate the greatest common divisor of 591 and 54.
3
What is the highest common factor of 93 and 1023?
93
Calculate the highest common divisor of 122 and 32330.
122
What is the greatest common divisor of 17224 and 8?
8
What is the greatest common factor of 2032 and 608?
16
What is the greatest common factor of 20 and 180?
20
Calculate the highest common factor of 841 and 29.
29
Calculate the highest common factor of 3 and 11784.
3
Calculate the greatest common factor of 868 and 2294.
62
What is the highest common divisor of 225 and 15615?
45
What is the highest common factor of 1323 and 343?
49
Calculate the highest common divisor of 279 and 36.
9
What is the greatest common divisor of 6811 and 139?
139
Calculate the greatest common factor of 119 and 7021.
119
Calculate the greatest common divisor of 24 and 762.
6
What is the greatest common divisor of 203 and 29?
29
What is the greatest common divisor of 5825 and 75?
25
What is the highest common factor of 132 and 891?
33
What is the greatest common divisor of 203 and 1015?
203
Calculate the highest common divisor of 15 and 710.
5
What is the highest common divisor of 833 and 17?
17
Calculate the highest common divisor of 60 and 1065.
15
What is the highest common factor of 2390 and 20?
10
Calculate the highest common factor of 4774 and 14.
14
What is the greatest common divisor of 4899 and 46?
23
Calculate the highest common factor of 2735 and 10.
5
What is the greatest common divisor of 264 and 72?
24
What is the greatest common divisor of 83 and 1494?
83
What is the greatest common divisor of 7 and 189?
7
Calculate the greatest common divisor of 456 and 133.
19
Calculate the greatest common divisor of 40054 and 7.
7
What is the greatest common divisor of 51 and 68?
17
What is the greatest common factor of 119 and 153?
17
Calculate the greatest common factor of 336 and 5232.
48
What is the greatest common factor of 146 and 1387?
73
What is the highest common divisor of 301 and 19006?
43
Calculate the highest common factor of 15963 and 51.
51
Calculate the highest common factor of 1344 and 3528.
168
Calculate the highest common factor of 1089 and 333.
9
What is the greatest common factor of 51 and 136?
17
What is the highest common divisor of 8 and 136?
8
Calculate the greatest common divisor of 17 and 68.
17
What is the highest common divisor of 315 and 147?
21
What is the greatest common factor of 11 and 770?
11
What is the highest common divisor of 82 and 164?
82
What is the highest common factor of 68 and 221?
17
Calculate the greatest common factor of 210 and 11865.
105
What is the greatest common factor of 120 and 24?
24
Calculate the highest common factor of 99 and 8448.
33
Calculate the highest common factor of 1298 and 154.
22
Calculate the highest common factor of 174 and 12.
6
What is the greatest common factor of 104 and 182?
26
What is the greatest common factor of 85 and 5695?
85
What is the greatest common divisor of 53 and 8003?
53
What is the greatest common divisor of 50 and 62450?
50
What is the highest common factor of 779 and 19?
19
Calculate the highest common factor of 333 and 9.
9
What is the greatest common divisor of 171 and 19?
19
Calculate the highest common factor of 553 and 21.
7
Calculate the highest common divisor of 104 and 1144.
104
What is the greatest common factor of 3440 and 700?
20
What is the highest common divisor of 420 and 672?
84
What is the highest common factor of 3 and 49?
1
What is the highest common factor of 692 and 20?
4
What is the greatest common factor of 10 and 1250?
10
Calculate the highest common factor of 144 and 2192.
16
Calculate the highest common factor of 220 and 165.
55
What is the greatest common factor of 11 and 176?
11
Calculate the highest common divisor of 768 and 1248.
96
Calculate the greatest common factor of 369 and 648.
9
Calculate the greatest common factor of 49 and 441.
49
Calculate the highest common factor of 783 and 29.
29
Calculate the highest common divisor of 342 and 38.
38
What is the greatest common divisor of 2304 and 12?
12
Calculate the highest common divisor of 20 and 23840.
20
What is the greatest common divisor of 1 and 16?
1
What is the greatest common divisor of 7 and 1057?
7
Calculate the greatest common factor of 6834 and 136.
34
What is the greatest common divisor of 2114 and 14?
14
Calculate the highest common factor of 40 and 11870.
10
What is the greatest common factor of 627 and 77?
11
Calculate the highest common factor of 348 and 72.
12
What is the greatest common divisor of 234 and 3900?
78
Calculate the greatest common divisor of 695 and 5.
5
What is the greatest common divisor of 24 and 348?
12
What is the greatest common divisor of 144 and 396?
36
Calculate the greatest common divisor of 14 and 1022.
14
What is the highest common divisor of 63 and 1494?
9
What is the greatest common divisor of 28800 and 320?
320
What is the greatest common divisor of 135 and 45?
45
Calculate the highest common divisor of 354 and 24.
6
What is the greatest common factor of 88 and 396?
44
Calculate the highest common factor of 135 and 25.
5
Calculate the highest common factor of 11466 and 468.
234
Calculate the highest common factor of 418 and 66.
22
What is the highest common factor of 68146 and 26?
26
What is the greatest common divisor of 90 and 468?
18
What is the highest common factor of 215 and 688?
43
Calculate the greatest common divisor of 252 and 112.
28
Calculate the greatest common divisor of 11286 and 36.
18
What is the highest common factor of 160 and 2640?
80
What is the highest common divisor of 62 and 2?
2
What is the greatest common factor of 3 and 781?
1
Calculate the highest common factor of 8 and 14.
2
What is the highest common divisor of 132 and 24?
12
What is the highest common divisor of 2830 and 30?
10
Calculate the greatest common divisor of 1444 and 114.
38
What is the greatest common divisor of 4035 and 15?
15
Calculate the highest common factor of 40 and 20980.
20
What is the greatest common factor of 39865 and 85?
85
Calculate the highest common divisor of 2200 and 88.
88
Calculate the greatest common factor of 3 and 3801.
3
Calculate the greatest common factor of 3085 and 5.
5
Calculate the highest common factor of 8824 and 8.
8
Calculate the greatest common factor of 7 and 13139.
7
Calculate the greatest common factor of 81 and 2187.
81
Calculate the greatest common factor of 968 and 143.
11
What is the highest common factor of 488 and 32?
8
Calculate the highest common divisor of 4 and 43748.
4
Calculate the highest common divisor of 17279 and 37.
37
Calculate the greatest common factor of 4 and 490.
2
What is the greatest common divisor of 19 and 779?
19
What is the highest common factor of 99 and 319?
11
Calculate the greatest common factor of 1266 and 6.
6
What is the greatest common factor of 35 and 455?
35
What is the highest common divisor of 120 and 85?
5
Calculate the highest common factor of 561 and 1221.
33
Calculate the highest common divisor of 38 and 38.
38
Calculate the greatest common factor of 17 and 391.
17
Calculate the greatest common 